11306.
2, 5653
What are the prime factors of 3065?
5, 613
What are the prime factors of 164?
2, 41
What are the prime factors of 4267?
17, 251
List the prime factors of 142398.
2, 3, 293
List the prime factors of 7841.
7841
List the prime factors of 74.
2, 37
What are the prime factors of 4466?
2, 7, 11, 29
What are the prime factors of 1293?
3, 431
List the prime factors of 1159.
19, 61
What are the prime factors of 322?
2, 7, 23
List the prime factors of 3149.
47, 67
List the prime factors of 1023.
3, 11, 31
What are the prime factors of 433?
433
What are the prime factors of 43800?
2, 3, 5, 73
List the prime factors of 3002.
2, 19, 79
List the prime factors of 5650.
2, 5, 113
What are the prime factors of 13408?
2, 419
List the prime factors of 1438.
2, 719
What are the prime factors of 15791?
15791
What are the prime factors of 213?
3, 71
What are the prime factors of 563?
563
What are the prime factors of 89658?
2, 3, 17, 293
What are the prime factors of 5763?
3, 17, 113
What are the prime factors of 26145?
3, 5, 7, 83
What are the prime factors of 337?
337
List the prime factors of 1174.
2, 587
What are the prime factors of 8384?
2, 131
What are the prime factors of 11272?
2, 1409
What are the prime factors of 1885?
5, 13, 29
What are the prime factors of 1511?
1511
List the prime factors of 5270.
2, 5, 17, 31
What are the prime factors of 82636?
2, 73, 283
List the prime factors of 2336.
2, 73
List the prime factors of 2201.
31, 71
What are the prime factors of 9367?
17, 19, 29
List the prime factors of 1183.
7, 13
List the prime factors of 66696.
2, 3, 7, 397
What are the prime factors of 288?
2, 3
What are the prime factors of 2654?
2, 1327
What are the prime factors of 304?
2, 19
List the prime factors of 51021.
3, 5669
What are the prime factors of 47761?
7, 6823
What are the prime factors of 1745?
5, 349
List the prime factors of 14340.
2, 3, 5, 239
List the prime factors of 98.
2, 7
What are the prime factors of 23789?
23789
What are the prime factors of 842?
2, 421
List the prime factors of 14894.
2, 11, 677
List the prime factors of 34375.
5, 11
List the prime factors of 2191.
7, 313
What are the prime factors of 35298?
2, 3, 37, 53
What are the prime factors of 44236?
2, 11059
List the prime factors of 40435.
5, 8087
What are the prime factors of 1845?
3, 5, 41
List the prime factors of 997.
997
List the prime factors of 3147.
3, 1049
What are the prime factors of 1045?
5, 11, 19
What are the prime factors of 45827?
45827
What are the prime factors of 7?
7
List the prime factors of 59254.
2, 13, 43, 53
What are the prime factors of 19079?
19079
What are the prime factors of 6268?
2, 1567
What are the prime factors of 1634?
2, 19, 43
What are the prime factors of 2658?
2, 3, 443
List the prime factors of 1451.
1451
List the prime factors of 4744.
2, 593
What are the prime factors of 61582?
2, 41, 751
What are the prime factors of 81163?
81163
List the prime factors of 5218.
2, 2609
List the prime factors of 1024.
2
List the prime factors of 3679.
13, 283
What are the prime factors of 60271?
60271
List the prime factors of 83968.
2, 41
What are the prime factors of 17455?
5, 3491
List the prime factors of 59733.
3, 6637
What are the prime factors of 1892?
2, 11, 43
What are the prime factors of 81442?
2, 43, 947
List the prime factors of 1463.
7, 11, 19
What are the prime factors of 63095?
5, 12619
What are the prime factors of 14310?
2, 3, 5, 53
What are the prime factors of 10179?
3, 13, 29
List the prime factors of 5402.
2, 37, 73
List the prime factors of 53206.
2, 37, 719
What are the prime factors of 665?
5, 7, 19
List the prime factors of 16695.
3, 5, 7, 53
List the prime factors of 1162.
2, 7, 83
List the prime factors of 4507.
4507
What are the prime factors of 55968?
2, 3, 11, 53
What are the prime factors of 11518?
2, 13, 443
List the prime factors of 4760.
2, 5, 7, 17
What are the prime factors of 777?
3, 7, 37
List the prime factors of 3121.
3121
What are the prime factors of 16459?
109, 151
List the prime factors of 199901.
13, 15377
List the prime factors of 23033.
31, 743
What are the prime factors of 503?
503
List the prime factors of 167989.
31, 5419
What are the prime factors of 75170?
2, 5, 7517
What are the prime factors of 101294?
2, 50647
List the prime factors of 607.
607
List the prime factors of 36636.
2, 3, 43, 71
What are the prime factors of 341?
11, 31
List the prime factors of 1684.
2, 421
List the prime factors of 2570.
2, 5, 257
List the prime factors of 1262.
2, 631
What are the prime factors of 72182?
2, 11, 17, 193
List the prime factors of 96909.
3, 32303
List the prime factors of 11761.
19, 619
What are the prime factors of 601?
601
List the prime factors of 80782.
2, 13, 239
What are the prime factors of 2486?
2, 11, 113
What are the prime factors of 7633?
17, 449
List the prime factors of 143777.
61, 2357
List the prime factors of 37845.
3, 5, 29
List the prime factors of 5516.
2, 7, 197
What are the prime factors of 2568?
2, 3, 107
What are the prime factors of 1342?
2, 11, 61
List the prime factors of 4370.
2, 5, 19, 23
What are the prime factors of 136426?
2, 68213
What are the prime factors of 9573?
3, 3191
List the prime factors of 2316.
2, 3, 193
List the prime factors of 211.
211
List the prime factors of 16687.
11, 37, 41
List the prime factors of 2592.
2, 3
List the prime factors of 32377.
32377
List the prime factors of 41000.
2, 5, 41
List the prime factors of 551.
19, 29
List the prime factors of 19606.
2, 9803
What are the prime factors of 61361?
43, 1427
What are the prime factors of 7884?
2, 3, 73
List the prime factors of 93385.
5, 19, 983
List the prime factors of 13747.
59, 233
List the prime factors of 5732.
2, 1433
What are the prime factors of 24386?
2, 89, 137
What are the prime factors of 50048?
2, 17, 23
List the prime factors of 45441.
3, 11, 17
What are the prime factors of 2438?
2, 23, 53
What are the prime factors of 2097?
3, 233
List the prime factors of 9066.
2, 3, 1511
List the prime factors of 20342.
2, 7, 1453
What are the prime factors of 1326?
2, 3, 13, 17
List the prime factors of 442.
2, 13, 17
List the prime factors of 75369.
3, 7, 37, 97
List the prime factors of 2345.
5, 7, 67
What are the prime factors of 25764?
2, 3, 19, 113
What are the prime factors of 169093?
169093
List the prime factors of 42750.
2, 3, 5, 19
List the prime factors of 19432.
2, 7, 347
List the prime factors of 257.
257
What are the prime factors of 7401?
3, 2467
What are the prime factors of 1089?
3, 11
What are the prime factors of 25574?
2, 19, 673
List the prime factors of 2265.
3, 5, 151
List the prime factors of 141.
3, 47
List the prime factors of 2555.
5, 7, 73
What are the prime factors of 27179?
27179
List the prime factors of 10736.
2, 11, 61
What are the prime factors of 1180?
2, 5, 59
What are the prime factors of 5855?
5, 1171
List the prime factors of 312.
2, 3, 13
What are the prime factors of 3627?
3, 13, 31
What are the prime factors of 1048?
2, 131
What are the prime factors of 1248?
2, 3, 13
What are the prime factors of 29385?
3, 5, 653
What are the prime factors of 14001?
3, 13, 359
What are the prime factors of 124?
2, 31
List the prime factors of 6090.
2, 3, 5, 7, 29
List the prime factors of 1979.
1979
List the prime factors of 4912.
2, 307
What are the prime factors of 1100?
2, 5, 11
What are the prime factors of 3886?
2, 29, 67
What are the prime factors of 5523?
3, 7, 263
What are the prime factors of 704?
2, 11
What are the prime factors of 779?
19, 41
List the prime factors of 16961.
7, 2423
What are the prime factors of 69920?
2, 5, 19, 23
List the prime factors of 1955.
5, 17, 23
What are the prime factors of 71012?
2, 41, 433
List the prime factors of 529.
23
List the prime factors of 9421.
9421
List the prime factors of 44.
2, 11
What are the prime factors of 73279?
127, 577
List the prime factors of 157397.
107, 1471
List the prime factors of 877.
877
List the prime factors of 14650.
2, 5, 293
List the prime factors of 5589.
3, 23
List the prime factors of 90145.
5, 11, 149
What are the prime factors of 595?
5, 7, 17
List the prime factors of 59.
59
What are the prime factors of 20495?
5, 4099
List the prime factors of 49751.
13, 43, 89
Li